{"id":29,"date":"2020-03-05T13:44:20","date_gmt":"2020-03-05T12:44:20","guid":{"rendered":"https:\/\/nagytarcsa2.lutheran.hu\/?page_id=29"},"modified":"2021-12-20T09:31:01","modified_gmt":"2021-12-20T08:31:01","slug":"rolunk","status":"publish","type":"page","link":"https:\/\/nagytarcsa.lutheran.hu\/?page_id=29","title":{"rendered":"R\u00f3lunk"},"content":{"rendered":"\t\t<div data-elementor-type=\"wp-page\" data-elementor-id=\"29\" class=\"elementor elementor-29\">\n\t\t\t\t\t\t<section class=\"elementor-section elementor-top-section elementor-element elementor-element-2e7408b elementor-section-boxed elementor-section-height-default elementor-section-height-default\" data-id=\"2e7408b\" data-element_type=\"section\">\n\t\t\t\t\t\t<div class=\"elementor-container elementor-column-gap-default\">\n\t\t\t\t\t<div class=\"elementor-column elementor-col-100 elementor-top-column elementor-element elementor-element-7866982\" data-id=\"7866982\" data-element_type=\"column\">\n\t\t\t<div class=\"elementor-widget-wrap elementor-element-populated\">\n\t\t\t\t\t\t<div class=\"elementor-element elementor-element-cc709d3 elementor-widget elementor-widget-heading\" data-id=\"cc709d3\" data-element_type=\"widget\" data-widget_type=\"heading.default\">\n\t\t\t\t<div class=\"elementor-widget-container\">\n\t\t\t\t\t<h2 class=\"elementor-heading-title elementor-size-default\">Bemutatkoz\u00e1s<\/h2>\t\t\t\t<\/div>\n\t\t\t\t<\/div>\n\t\t\t\t\t<\/div>\n\t\t<\/div>\n\t\t\t\t\t<\/div>\n\t\t<\/section>\n\t\t\t\t<section class=\"elementor-section elementor-top-section elementor-element elementor-element-a29c6c2 elementor-section-boxed elementor-section-height-default elementor-section-height-default\" data-id=\"a29c6c2\" data-element_type=\"section\">\n\t\t\t\t\t\t<div class=\"elementor-container elementor-column-gap-default\">\n\t\t\t\t\t<div class=\"elementor-column elementor-col-100 elementor-top-column elementor-element elementor-element-b30a4fb\" data-id=\"b30a4fb\" data-element_type=\"column\">\n\t\t\t<div class=\"elementor-widget-wrap elementor-element-populated\">\n\t\t\t\t\t\t<div class=\"elementor-element elementor-element-0dac043 elementor-widget elementor-widget-text-editor\" data-id=\"0dac043\" data-element_type=\"widget\" data-widget_type=\"text-editor.default\">\n\t\t\t\t<div class=\"elementor-widget-container\">\n\t\t\t\t\t\t\t\t\t<p>A gy\u00fclekezet c\u00e9lja, hogy megismertesse az egyh\u00e1zk\u00f6zs\u00e9g ter\u00fclet\u00e9n \u00e9l\u0151 emberekkel az evang\u00e9liumot,\u00a0 vagyis az \u00f6r\u00f6mh\u00edrt. Azt j\u00f3 h\u00edrt szeretn\u00e9nk elmondani, hogy Isten J\u00e9zus Krisztusban el\u00e9rhet\u0151v\u00e9 \u00e9s megismerhet\u0151v\u00e9 v\u00e1lt, meg lehet sz\u00f3l\u00edtani, szem\u00e9lyes kapcsolatba lehet vele ker\u00fclni. Valljuk, hogy J\u00e9zus Krisztus az\u00e9rt halt meg k\u00e9tezer \u00e9ve a kereszten, hogy a mai itt \u00e9l\u0151 embereknek, mi is meg\u00e9lhess\u00fck, hogy b\u0171neinkb\u0151l, lelki probl\u00e9m\u00e1inkb\u00f3l van ki\u00fat. \u00a0Lehet \u00fajra kezdeni, van, aki elfogad \u00e9s szeret \u00fagy szeret minket, ahogyan vagyunk, \u00e9s a szeretet erej\u00e9vel \u00e1tform\u00e1lja \u00e9let\u00fcnket! Munk\u00e1nkat a k\u00f6vetkez\u0151 f\u0151 ter\u00fcleteken v\u00e9gezz\u00fck:<\/p>\t\t\t\t\t\t\t\t<\/div>\n\t\t\t\t<\/div>\n\t\t\t\t\t<\/div>\n\t\t<\/div>\n\t\t\t\t\t<\/div>\n\t\t<\/section>\n\t\t\t\t<section class=\"elementor-section elementor-top-section elementor-element elementor-element-b518461 elementor-section-boxed elementor-section-height-default elementor-section-height-default\" data-id=\"b518461\" data-element_type=\"section\">\n\t\t\t\t\t\t<div class=\"elementor-container elementor-column-gap-default\">\n\t\t\t\t\t<div class=\"elementor-column elementor-col-100 elementor-top-column elementor-element elementor-element-3b34bd0\" data-id=\"3b34bd0\" data-element_type=\"column\">\n\t\t\t<div class=\"elementor-widget-wrap elementor-element-populated\">\n\t\t\t\t\t\t<div class=\"elementor-element elementor-element-8a00d80 elementor-widget elementor-widget-text-editor\" data-id=\"8a00d80\" data-element_type=\"widget\" data-widget_type=\"text-editor.default\">\n\t\t\t\t<div class=\"elementor-widget-container\">\n\t\t\t\t\t\t\t\t\t<p><strong>\u00d3vodai<\/strong><strong> munka<\/strong>: A Sziv\u00e1rv\u00e1ny Evang\u00e9likus Kereszt\u00e9n \u00d3voda c\u00e9lja, hogy m\u00e1r a legfog\u00e9konyabb korban ismertess\u00fck meg a gyerekekkel Isten szeretet\u00e9t. Rajtuk kereszt\u00fcl felvessz\u00fck a kapcsolatot a sz\u00fcl\u0151kkel, \u00e9s nekik is felaj\u00e1nlunk lehet\u0151s\u00e9geket, ahol alkalmuk van gyermeknevel\u00e9si k\u00e9rd\u00e9seiket, csal\u00e1di probl\u00e9m\u00e1ikat el\u0151venni, s k\u00f6z\u00f6sen keresni a megold\u00e1sokat. Szeretettel v\u00e1runk mindenkit felekezetre val\u00f3 tekintet n\u00e9lk\u00fcl!<\/p>\t\t\t\t\t\t\t\t<\/div>\n\t\t\t\t<\/div>\n\t\t\t\t\t<\/div>\n\t\t<\/div>\n\t\t\t\t\t<\/div>\n\t\t<\/section>\n\t\t\t\t<section class=\"elementor-section elementor-top-section elementor-element elementor-element-bd450c1 elementor-section-boxed elementor-section-height-default elementor-section-height-default\" data-id=\"bd450c1\" data-element_type=\"section\">\n\t\t\t\t\t\t<div class=\"elementor-container elementor-column-gap-default\">\n\t\t\t\t\t<div class=\"elementor-column elementor-col-100 elementor-top-column elementor-element elementor-element-4e009cf\" data-id=\"4e009cf\" data-element_type=\"column\">\n\t\t\t<div class=\"elementor-widget-wrap elementor-element-populated\">\n\t\t\t\t\t\t<div class=\"elementor-element elementor-element-923b4ec elementor-widget elementor-widget-text-editor\" data-id=\"923b4ec\" data-element_type=\"widget\" data-widget_type=\"text-editor.default\">\n\t\t\t\t<div class=\"elementor-widget-container\">\n\t\t\t\t\t\t\t\t\t<p><strong>Iskolai Hittan<\/strong>: Ezeken az alkalmakon megismerik a gyerekek a bibliai t\u00f6rt\u00e9neteit, \u00a0azok m\u00e9lyebb \u00e9rtelm\u00e9t, \u00e9s seg\u00edtj\u00fck \u0151ket, hogyan alkalmazhatj\u00e1k azokat a saj\u00e1t \u00e9let\u00fckre n\u00e9zve. Megismerik egyh\u00e1zunk tan\u00edt\u00e1s\u00e1t, a konfirm\u00e1ci\u00f3ra val\u00f3 felk\u00e9sz\u00fcl\u00e9s sor\u00e1n pedig a szem\u00e9lyes hitre val\u00f3 elseg\u00edt\u00e9s a c\u00e9l, melybe belef\u00e9rnek a kritikus k\u00e9rd\u00e9sek is, az egy\u00fcttgondolkod\u00e1s a Biblia tan\u00edt\u00e1s\u00e1t illet\u0151en.<\/p>\t\t\t\t\t\t\t\t<\/div>\n\t\t\t\t<\/div>\n\t\t\t\t\t<\/div>\n\t\t<\/div>\n\t\t\t\t\t<\/div>\n\t\t<\/section>\n\t\t\t\t<section class=\"elementor-section elementor-top-section elementor-element elementor-element-6b53e36 elementor-section-boxed elementor-section-height-default elementor-section-height-default\" data-id=\"6b53e36\" data-element_type=\"section\">\n\t\t\t\t\t\t<div class=\"elementor-container elementor-column-gap-default\">\n\t\t\t\t\t<div class=\"elementor-column elementor-col-100 elementor-top-column elementor-element elementor-element-63f7553\" data-id=\"63f7553\" data-element_type=\"column\">\n\t\t\t<div class=\"elementor-widget-wrap elementor-element-populated\">\n\t\t\t\t\t\t<div class=\"elementor-element elementor-element-d21307b elementor-widget elementor-widget-text-editor\" data-id=\"d21307b\" data-element_type=\"widget\" data-widget_type=\"text-editor.default\">\n\t\t\t\t<div class=\"elementor-widget-container\">\n\t\t\t\t\t\t\t\t\t<p><strong>Ifj\u00fas\u00e1gi munka<\/strong>: K\u00e9t csoportban foglalkozunk a fiatalokkal. Az egyik csoportba a fiatalabbak j\u00e1rnak 14 \u00e9ves kort\u00f3l. A m\u00e1sikba a nagyobb k\u00f6z\u00e9piskol\u00e1sok. Itt arra t\u00f6reksz\u00fcnk, hogy az \u0151ket \u00e9rint\u0151 legfontosabb k\u00e9rd\u00e9seket vegy\u00fck figyelembe, pl.: \u00f6n\u00e9rt\u00e9kel\u00e9s, csal\u00e1d, szerelem, p\u00e1lyav\u00e1laszt\u00e1s, szenved\u00e9lyek. Lehet\u0151s\u00e9g\u00fck van arra, hogy a k\u00f6z\u00f6s \u00e9nekl\u00e9sen, j\u00e1t\u00e9kon t\u00fal szem\u00e9lyes probl\u00e9m\u00e1ikat is megossz\u00e1k, lelki k\u00e9rd\u00e9seikre k\u00f6z\u00f6sen vagy egy\u00e9nileg keressenek v\u00e1laszt.<\/p>\t\t\t\t\t\t\t\t<\/div>\n\t\t\t\t<\/div>\n\t\t\t\t\t<\/div>\n\t\t<\/div>\n\t\t\t\t\t<\/div>\n\t\t<\/section>\n\t\t\t\t<section class=\"elementor-section elementor-top-section elementor-element elementor-element-fa2f4a9 elementor-section-boxed elementor-section-height-default elementor-section-height-default\" data-id=\"fa2f4a9\" data-element_type=\"section\">\n\t\t\t\t\t\t<div class=\"elementor-container elementor-column-gap-default\">\n\t\t\t\t\t<div class=\"elementor-column elementor-col-100 elementor-top-column elementor-element elementor-element-f10cc5b\" data-id=\"f10cc5b\" data-element_type=\"column\">\n\t\t\t<div class=\"elementor-widget-wrap elementor-element-populated\">\n\t\t\t\t\t\t<div class=\"elementor-element elementor-element-2ab8ac4 elementor-widget elementor-widget-text-editor\" data-id=\"2ab8ac4\" data-element_type=\"widget\" data-widget_type=\"text-editor.default\">\n\t\t\t\t<div class=\"elementor-widget-container\">\n\t\t\t\t\t\t\t\t\t<p><strong>Biblia\u00f3r\u00e1k, istentiszteletek<\/strong>: Ezekre az alkalmakra mindenkit h\u00edvunk. Fontos, hogy Isten ig\u00e9je, a Biblia aktualiz\u00e1lva, a mai k\u00e9rd\u00e9sekre adjon v\u00e1laszt keres\u0151knek \u00e9s gy\u00fclekezeti tagoknak egyar\u00e1nt.<\/p>\t\t\t\t\t\t\t\t<\/div>\n\t\t\t\t<\/div>\n\t\t\t\t\t<\/div>\n\t\t<\/div>\n\t\t\t\t\t<\/div>\n\t\t<\/section>\n\t\t\t\t<section class=\"elementor-section elementor-top-section elementor-element elementor-element-0daf23a elementor-section-boxed elementor-section-height-default elementor-section-height-default\" data-id=\"0daf23a\" data-element_type=\"section\">\n\t\t\t\t\t\t<div class=\"elementor-container elementor-column-gap-default\">\n\t\t\t\t\t<div class=\"elementor-column elementor-col-100 elementor-top-column elementor-element elementor-element-79fc60b\" data-id=\"79fc60b\" data-element_type=\"column\">\n\t\t\t<div class=\"elementor-widget-wrap elementor-element-populated\">\n\t\t\t\t\t\t<div class=\"elementor-element elementor-element-830727e elementor-widget elementor-widget-text-editor\" data-id=\"830727e\" data-element_type=\"widget\" data-widget_type=\"text-editor.default\">\n\t\t\t\t<div class=\"elementor-widget-container\">\n\t\t\t\t\t\t\t\t\t<p><strong>Lelkigondoz\u00e1s<\/strong>: Minden ember \u00e9let\u00e9ben vannak id\u0151szakok, amikor \u00fagy \u00e9rzi, \u00f6sszecsapnak a hull\u00e1mok a feje felett, vagy nem b\u00edr egyed\u00fcl megbirk\u00f3zni probl\u00e9m\u00e1ival. Vagy egyszer\u0171en csak szeretn\u00e9, ha volna valaki, aki meghallgassa an\u00e9lk\u00fcl, hogy f\u00e9lbeszak\u00edtan\u00e1, vagy b\u00edr\u00e1ln\u00e1 a vele t\u00f6rt\u00e9nteket. A tapasztalat az, hogy gyakran egy ilyen elfogad\u00f3, t\u00e1mogat\u00f3 lelkigondoz\u00f3i kapcsolat elegend\u0151 az el\u0151rel\u00e9p\u00e9shez.\u00a0 Ebben szeretn\u00e9nk seg\u00edts\u00e9get ny\u00fajtani.<\/p>\t\t\t\t\t\t\t\t<\/div>\n\t\t\t\t<\/div>\n\t\t\t\t\t<\/div>\n\t\t<\/div>\n\t\t\t\t\t<\/div>\n\t\t<\/section>\n\t\t\t\t<section class=\"elementor-section elementor-top-section elementor-element elementor-element-4e0d7f6 elementor-section-boxed elementor-section-height-default elementor-section-height-default\" data-id=\"4e0d7f6\" data-element_type=\"section\">\n\t\t\t\t\t\t<div class=\"elementor-container elementor-column-gap-default\">\n\t\t\t\t\t<div class=\"elementor-column elementor-col-100 elementor-top-column elementor-element elementor-element-dfd60e2\" data-id=\"dfd60e2\" data-element_type=\"column\">\n\t\t\t<div class=\"elementor-widget-wrap elementor-element-populated\">\n\t\t\t\t\t\t<div class=\"elementor-element elementor-element-d6fda88 elementor-widget elementor-widget-heading\" data-id=\"d6fda88\" data-element_type=\"widget\" data-widget_type=\"heading.default\">\n\t\t\t\t<div class=\"elementor-widget-container\">\n\t\t\t\t\t<h2 class=\"elementor-heading-title elementor-size-default\">\u00c1lland\u00f3 gy\u00fclekezeti alkalmaink<\/h2>\t\t\t\t<\/div>\n\t\t\t\t<\/div>\n\t\t\t\t\t<\/div>\n\t\t<\/div>\n\t\t\t\t\t<\/div>\n\t\t<\/section>\n\t\t\t\t<section class=\"elementor-section elementor-top-section elementor-element elementor-element-cb088f1 elementor-section-boxed elementor-section-height-default elementor-section-height-default\" data-id=\"cb088f1\" data-element_type=\"section\">\n\t\t\t\t\t\t<div class=\"elementor-container elementor-column-gap-default\">\n\t\t\t\t\t<div class=\"elementor-column elementor-col-100 elementor-top-column elementor-element elementor-element-5407bb7\" data-id=\"5407bb7\" data-element_type=\"column\">\n\t\t\t<div class=\"elementor-widget-wrap elementor-element-populated\">\n\t\t\t\t\t\t<div class=\"elementor-element elementor-element-89e8682 elementor-widget elementor-widget-text-editor\" data-id=\"89e8682\" data-element_type=\"widget\" data-widget_type=\"text-editor.default\">\n\t\t\t\t<div class=\"elementor-widget-container\">\n\t\t\t\t\t\t\t\t\t<p><strong>Biblia\u00f3r\u00e1k:<\/strong><\/p><ul><li>Szerd\u00e1nk\u00e9nt a k\u00f6z\u00e9pkor\u00fa feln\u0151ttek biblia\u00f3r\u00e1ja<\/li><li>Cs\u00fct\u00f6rt\u00f6k\u00f6nk\u00e9nt az id\u0151sek biblia\u00f3r\u00e1ja<\/li><li>P\u00e9ntek est\u00e9nk\u00e9nt a k\u00f6z\u00e9piskol\u00e1sok ifj\u00fas\u00e1gi biblia\u00f3r\u00e1ja<\/li><li>Szombat est\u00e9nk\u00e9nt a fiatal feln\u0151ttek biblia\u00f3r\u00e1ja<\/li><\/ul>\t\t\t\t\t\t\t\t<\/div>\n\t\t\t\t<\/div>\n\t\t\t\t\t<\/div>\n\t\t<\/div>\n\t\t\t\t\t<\/div>\n\t\t<\/section>\n\t\t\t\t<section class=\"elementor-section elementor-top-section elementor-element elementor-element-c1f2c63 elementor-section-boxed elementor-section-height-default elementor-section-height-default\" data-id=\"c1f2c63\" data-element_type=\"section\">\n\t\t\t\t\t\t<div class=\"elementor-container elementor-column-gap-default\">\n\t\t\t\t\t<div class=\"elementor-column elementor-col-100 elementor-top-column elementor-element elementor-element-10f230b\" data-id=\"10f230b\" data-element_type=\"column\">\n\t\t\t<div class=\"elementor-widget-wrap elementor-element-populated\">\n\t\t\t\t\t\t<div class=\"elementor-element elementor-element-ff2c5a5 elementor-widget elementor-widget-text-editor\" data-id=\"ff2c5a5\" data-element_type=\"widget\" data-widget_type=\"text-editor.default\">\n\t\t\t\t<div class=\"elementor-widget-container\">\n\t\t\t\t\t\t\t\t\t<p><strong>Istentisztelet:<\/strong><\/p><p>Minden vas\u00e1rnap 10:30-t\u00f3l a nagytarcsai evang\u00e9likus templomban<\/p>\t\t\t\t\t\t\t\t<\/div>\n\t\t\t\t<\/div>\n\t\t\t\t\t<\/div>\n\t\t<\/div>\n\t\t\t\t\t<\/div>\n\t\t<\/section>\n\t\t\t\t<section class=\"elementor-section elementor-top-section elementor-element elementor-element-c60c936 elementor-section-boxed elementor-section-height-default elementor-section-height-default\" data-id=\"c60c936\" data-element_type=\"section\">\n\t\t\t\t\t\t<div class=\"elementor-container elementor-column-gap-default\">\n\t\t\t\t\t<div class=\"elementor-column elementor-col-100 elementor-top-column elementor-element elementor-element-6dd40b6\" data-id=\"6dd40b6\" data-element_type=\"column\">\n\t\t\t<div class=\"elementor-widget-wrap elementor-element-populated\">\n\t\t\t\t\t\t<div class=\"elementor-element elementor-element-d40094f elementor-widget elementor-widget-heading\" data-id=\"d40094f\" data-element_type=\"widget\" data-widget_type=\"heading.default\">\n\t\t\t\t<div class=\"elementor-widget-container\">\n\t\t\t\t\t<h2 class=\"elementor-heading-title elementor-size-default\">El\u00e9rhet\u0151s\u00e9gek<\/h2>\t\t\t\t<\/div>\n\t\t\t\t<\/div>\n\t\t\t\t\t<\/div>\n\t\t<\/div>\n\t\t\t\t\t<\/div>\n\t\t<\/section>\n\t\t\t\t<section class=\"elementor-section elementor-top-section elementor-element elementor-element-bfc3528 elementor-section-boxed elementor-section-height-default elementor-section-height-default\" data-id=\"bfc3528\" data-element_type=\"section\">\n\t\t\t\t\t\t<div class=\"elementor-container elementor-column-gap-default\">\n\t\t\t\t\t<div class=\"elementor-column elementor-col-100 elementor-top-column elementor-element elementor-element-9244aa3\" data-id=\"9244aa3\" data-element_type=\"column\">\n\t\t\t<div class=\"elementor-widget-wrap elementor-element-populated\">\n\t\t\t\t\t\t<div class=\"elementor-element elementor-element-56ff1ef elementor-widget elementor-widget-text-editor\" data-id=\"56ff1ef\" data-element_type=\"widget\" data-widget_type=\"text-editor.default\">\n\t\t\t\t<div class=\"elementor-widget-container\">\n\t\t\t\t\t\t\t\t\t<p>Baranka Gy\u00f6rgy lelk\u00e9sz<br \/>Mobil: 20-824-3841<\/p><p>Baranka M\u00e1ria lelk\u00e9sz<br \/>Mobil: 20-824-3842<\/p><p>C\u00edm: 2142 Nagytarcsa, Sztehlo G\u00e1bor u. 1.<br \/>E-mail: <a class=\"link-standard\" href=\"mailto:gyorgy.baranka@lutheran.hu\">gyorgy.baranka@lutheran.hu<\/a><\/p>\t\t\t\t\t\t\t\t<\/div>\n\t\t\t\t<\/div>\n\t\t\t\t\t<\/div>\n\t\t<\/div>\n\t\t\t\t\t<\/div>\n\t\t<\/section>\n\t\t\t\t<section class=\"elementor-section elementor-top-section elementor-element elementor-element-93f11e0 elementor-section-boxed elementor-section-height-default elementor-section-height-default\" data-id=\"93f11e0\" data-element_type=\"section\">\n\t\t\t\t\t\t<div class=\"elementor-container elementor-column-gap-default\">\n\t\t\t\t\t<div class=\"elementor-column elementor-col-100 elementor-top-column elementor-element elementor-element-1e9f71c\" data-id=\"1e9f71c\" data-element_type=\"column\">\n\t\t\t<div class=\"elementor-widget-wrap elementor-element-populated\">\n\t\t\t\t\t\t<div class=\"elementor-element elementor-element-0ba6594 elementor-widget elementor-widget-text-editor\" data-id=\"0ba6594\" data-element_type=\"widget\" data-widget_type=\"text-editor.default\">\n\t\t\t\t<div class=\"elementor-widget-container\">\n\t\t\t\t\t\t\t\t\t<p>A gy\u00fclezetet banksz\u00e1mla inform\u00e1ci\u00f3i:<\/p><p>Banksz\u00e1mlasz\u00e1m: 65100259-14100017<\/p>\t\t\t\t\t\t\t\t<\/div>\n\t\t\t\t<\/div>\n\t\t\t\t\t<\/div>\n\t\t<\/div>\n\t\t\t\t\t<\/div>\n\t\t<\/section>\n\t\t\t\t<\/div>\n\t\t","protected":false},"excerpt":{"rendered":"<p>Bemutatkoz\u00e1s A gy\u00fclekezet c\u00e9lja, hogy megismertesse az egyh\u00e1zk\u00f6zs\u00e9g ter\u00fclet\u00e9n \u00e9l\u0151 emberekkel az evang\u00e9liumot,\u00a0 vagyis az \u00f6r\u00f6mh\u00edrt. Azt j\u00f3 h\u00edrt szeretn\u00e9nk elmondani, hogy Isten J\u00e9zus Krisztusban el\u00e9rhet\u0151v\u00e9 \u00e9s megismerhet\u0151v\u00e9 v\u00e1lt, meg lehet sz\u00f3l\u00edtani, szem\u00e9lyes kapcsolatba lehet vele ker\u00fclni. Valljuk, hogy J\u00e9zus Krisztus az\u00e9rt halt meg k\u00e9tezer \u00e9ve a kereszten, hogy a mai itt \u00e9l\u0151 embereknek, mi [&hellip;]<\/p>\n","protected":false},"author":1,"featured_media":0,"parent":0,"menu_order":0,"comment_status":"closed","ping_status":"closed","template":"","meta":{"ocean_post_layout":"","ocean_both_sidebars_style":"","ocean_both_sidebars_content_width":0,"ocean_both_sidebars_sidebars_width":0,"ocean_sidebar":"0","ocean_second_sidebar":"0","ocean_disable_margins":"enable","ocean_add_body_class":"","ocean_shortcode_before_top_bar":"","ocean_shortcode_after_top_bar":"","ocean_shortcode_before_header":"","ocean_shortcode_after_header":"","ocean_has_shortcode":"","ocean_shortcode_after_title":"","ocean_shortcode_before_footer_widgets":"","ocean_shortcode_after_footer_widgets":"","ocean_shortcode_before_footer_bottom":"","ocean_shortcode_after_footer_bottom":"","ocean_display_top_bar":"default","ocean_display_header":"default","ocean_header_style":"","ocean_center_header_left_menu":"0","ocean_custom_header_template":"0","ocean_custom_logo":0,"ocean_custom_retina_logo":0,"ocean_custom_logo_max_width":0,"ocean_custom_logo_tablet_max_width":0,"ocean_custom_logo_mobile_max_width":0,"ocean_custom_logo_max_height":0,"ocean_custom_logo_tablet_max_height":0,"ocean_custom_logo_mobile_max_height":0,"ocean_header_custom_menu":"0","ocean_menu_typo_font_family":"0","ocean_menu_typo_font_subset":"","ocean_menu_typo_font_size":0,"ocean_menu_typo_font_size_tablet":0,"ocean_menu_typo_font_size_mobile":0,"ocean_menu_typo_font_size_unit":"px","ocean_menu_typo_font_weight":"","ocean_menu_typo_font_weight_tablet":"","ocean_menu_typo_font_weight_mobile":"","ocean_menu_typo_transform":"","ocean_menu_typo_transform_tablet":"","ocean_menu_typo_transform_mobile":"","ocean_menu_typo_line_height":0,"ocean_menu_typo_line_height_tablet":0,"ocean_menu_typo_line_height_mobile":0,"ocean_menu_typo_line_height_unit":"","ocean_menu_typo_spacing":0,"ocean_menu_typo_spacing_tablet":0,"ocean_menu_typo_spacing_mobile":0,"ocean_menu_typo_spacing_unit":"","ocean_menu_link_color":"","ocean_menu_link_color_hover":"","ocean_menu_link_color_active":"","ocean_menu_link_background":"","ocean_menu_link_hover_background":"","ocean_menu_link_active_background":"","ocean_menu_social_links_bg":"","ocean_menu_social_hover_links_bg":"","ocean_menu_social_links_color":"","ocean_menu_social_hover_links_color":"","ocean_disable_title":"default","ocean_disable_heading":"default","ocean_post_title":"","ocean_post_subheading":"","ocean_post_title_style":"","ocean_post_title_background_color":"","ocean_post_title_background":0,"ocean_post_title_bg_image_position":"","ocean_post_title_bg_image_attachment":"","ocean_post_title_bg_image_repeat":"","ocean_post_title_bg_image_size":"","ocean_post_title_height":0,"ocean_post_title_bg_overlay":0.5,"ocean_post_title_bg_overlay_color":"","ocean_disable_breadcrumbs":"default","ocean_breadcrumbs_color":"","ocean_breadcrumbs_separator_color":"","ocean_breadcrumbs_links_color":"","ocean_breadcrumbs_links_hover_color":"","ocean_display_footer_widgets":"default","ocean_display_footer_bottom":"default","ocean_custom_footer_template":"0","footnotes":""},"class_list":["post-29","page","type-page","status-publish","hentry","entry"],"_links":{"self":[{"href":"https:\/\/nagytarcsa.lutheran.hu\/index.php?rest_route=\/wp\/v2\/pages\/29","targetHints":{"allow":["GET"]}}],"collection":[{"href":"https:\/\/nagytarcsa.lutheran.hu\/index.php?rest_route=\/wp\/v2\/pages"}],"about":[{"href":"https:\/\/nagytarcsa.lutheran.hu\/index.php?rest_route=\/wp\/v2\/types\/page"}],"author":[{"embeddable":true,"href":"https:\/\/nagytarcsa.lutheran.hu\/index.php?rest_route=\/wp\/v2\/users\/1"}],"replies":[{"embeddable":true,"href":"https:\/\/nagytarcsa.lutheran.hu\/index.php?rest_route=%2Fwp%2Fv2%2Fcomments&post=29"}],"version-history":[{"count":30,"href":"https:\/\/nagytarcsa.lutheran.hu\/index.php?rest_route=\/wp\/v2\/pages\/29\/revisions"}],"predecessor-version":[{"id":2433,"href":"https:\/\/nagytarcsa.lutheran.hu\/index.php?rest_route=\/wp\/v2\/pages\/29\/revisions\/2433"}],"wp:attachment":[{"href":"https:\/\/nagytarcsa.lutheran.hu\/index.php?rest_route=%2Fwp%2Fv2%2Fmedia&parent=29"}],"curies":[{"name":"wp","href":"https:\/\/api.w.org\/{rel}","templated":true}]}}